 -0*f - 2*f, -4*o + 4*f = -1040. Suppose 10*x = 241 + 299. Let l = o - x. Is l a composite number?
True
Let r be 8/(-28) - -458*2/(-28). Let s = r - -40. Suppose 4*t - s*t + 2463 = 0. Is t prime?
True
Let u be 4/((-4)/(-3)) + (0 - -63087). Is 6 - 2 - u/(-6) prime?
False
Let u = 566 - 566. Suppose m - 11*o + 8*o = 10891, u = -m - 3*o + 10915. Is m a prime number?
True
Let n(l) = l**2 - 7*l + 3. Let u be n(7). Let p be 4 + (-1327)/((-3)/(-3 - -9)). Suppose x + p = u*x. Is x a prime number?
False
Is (1 + (-9)/15)/2 - (-16752132)/15 a composite number?
False
Let n(w) = 4485*w**3 + 14*w**2 - 70*w + 34. Is n(5) a prime number?
False
Let l(m) = 61*m**2 + 12*m - 3. Let o be l(11). Suppose -2*w + 4*w = o. Suppose 3*b = w - 410. Is b prime?
False
Suppose -5*h - g + 47619 = 0, 0 = -2*h - 2*g + 4*g + 19050. Suppose 0*a = 3*s + 5*a - 7132, -4*s - 3*a + h = 0. Suppose 4*z + 300 = s. Is z composite?
False
Suppose 7*u - 50 = -316. Let s = u - -42. Is s/2*(-77)/(-2) a composite number?
True
Suppose -5*w - 5 = -t, -w + 2 = 2*t - 3*w. Suppose -6*u + 18623 = -u - 3*s, -5*u - 2*s + 18643 = t. Suppose 5*k - u = 2508. Is k prime?
False
Let x(f) = f**3 + 109*f**2 - 228*f - 58. Is x(-52) composite?
True
Is (-3)/(-2) - ((-2220900)/(-8))/(-15) a prime number?
False
Let w(p) = 30983*p**3 + 3*p**2 - 3. Let s(i) = -i**2 + 13*i - 35. Let y be s(4). Is w(y) composite?
False
Suppose -715*r = -737*r + 874126. Is r a composite number?
False
Suppose 38*l + 20*l - 463594 = 0. Is l a prime number?
True
Suppose a = -5*v + 257671, 3*a + 74393 - 280543 = -4*v. Is v prime?
False
Let b(a) = 38064*a**2 + 7*a + 24. Let x be b(-2). Suppose 12*l - x - 71810 = 0. Is l composite?
True
Suppose -2*u - 2*q - 38 = 0, -u - 45 = u - 5*q. Let j be (-2 + -1 - u/8)*-136. Suppose 2*r = 3*a - j, -a - 4*r = 4*a - 150. Is a prime?
False
Is -1835*(19860/(-25))/12 a prime number?
False
Let f(k) = -k**3 + 2*k - 89. Let w be f(0). Let y be 4/3*(-1896)/(-16). Let s = y - w. Is s a prime number?
False
Suppose 16*d = -13*d. Suppose d = 21*y - 15*y - 17538. Is y a prime number?
False
Let u = 182922 - -67187. Is u a prime number?
True
Let y be (17 - 24)*(-16)/28. Suppose -9*c = -y*u - 13*c + 22324, 0 = -4*u + c + 22324. Is u prime?
True
Let d(k) = 19407*k**2 - 24*k + 121. Is d(-6) a prime number?
False
Let u = 1489533 - 780220. Is u a prime number?
False
Let y be (-3)/(10/(40/(-6))). Is (y/(-4))/(11/22) + 872 composite?
True
Let s(a) be the third derivative of -13*a**4/12 + 2833*a**3/6 + 74*a**2. Is s(0) composite?
False
Let a be 771 + (-5)/((-60)/(-8))*3. Suppose 4*g = -a + 41. Is 21/7*g/(-6) a prime number?
False
Suppose -48842937 = 697*d - 814*d. Is d composite?
True
Suppose -3*k + k - 1702 = -y, -5*y - 2540 = 3*k. Let u = k - -1301. Is u a prime number?
False
Suppose 5*g + 57742 = -332628. Is (-10)/((-1050)/(-45)) - g/7 composite?
True
Suppose -880*i + 811*i + 1505787 = 0. Is i prime?
False
Let b(y) = 42*y**2 - 7*y - 19. Let s be (288/(-120))/((-2)/(-5)). Is b(s) a composite number?
True
Let v be (-56)/(-10) + (-5)/75*9. Let j(h) = -4*h**3 - 102*h**2 + 114*h**2 + 5 + 9*h - v*h**3. Is j(-5) a prime number?
False
Suppose 6*p - 43 + 31 = 0. Suppose z - 3*z + p*b = -11254, 0 = 5*z - b - 28119. Is z a composite number?
False
Suppose -6*j + 2 = 4*z - 9*j, 3*j - 12 = -3*z. Suppose z*g + 5*r + 11499 = 5*g, r - 3833 = -g. Is g a prime number?
True
Let l = -23 + 28. Suppose 5*o = -x + 11, -3*o = -2*o - l*x - 23. Suppose o*t - 8*t + 10 = 0. Is t a composite number?
False
Is (-388548 - 5)/(6/(-6)) a composite number?
True
Let c be (14*1)/(1/(-3) + 1). Is 3 - ((-11410)/c)/(2/6) a composite number?
True
Let h(t) be the second derivative of -t**5/5 - 13*t**4/12 + t**3/6 - 7*t**2/2 - 2*t. Is h(-9) a composite number?
False
Suppose 116181 = l - 2*j, -33*j = 3*l - 37*j - 348545. Is l prime?
False
Is (-744327)/36*28/(-7) a prime number?
False
Let t(m) = 8*m**3 + 2*m**2 + 1. Suppose -5*a = -r + 2*r - 25, -4*a + 49 = -5*r. Let j = a - 3. Is t(j) a composite number?
True
Suppose 7*d - 35871 - 10854 = 0. Let i be 4/(-7) - d/(-7). Let p = 3972 - i. Is p a composite number?
False
Let d(h) = -h**3 - 7*h**2 + 5*h - 18. Let o be d(-8). Let x(j) = 2*j**2 - 6*j - 18. Let r be x(o). Suppose -r*s + 23*s - 7655 = 0. Is s a prime number?
True
Let c = 4170 + 962. Let r = 2807 + -2803. Suppose -r*j + c = -0*j. Is j prime?
True
Suppose -3*u - 5*j = -551338 - 4880, 5*j + 15 = 0. Is u composite?
True
Let c(b) = -75*b**2 - 1. Let u(z) = -224*z**2 - 3. Let h(v) = 17*c(v) - 6*u(v). Suppose -5*o - 8*o - 68*o = -162. Is h(o) a composite number?
False
Let x(o) = o - 5. Let p be x(3). Suppose -2*z = -5*h + h + 2, 2*z + 3 = 5*h. Is (-2002)/7*h/p prime?
False
Suppose -1 = b, -2*b = 54*k - 51*k - 26125. Suppose -n - 4*q + k = 0, -q - 4*q = n - 8710. Is n prime?
False
Let f(b) = 19*b**2 + 14*b + 10. Let m(d) = 3*d - 89. Let t(c) = -c**2 + 9*c + 49. Let q be t(11). Let g be m(q). Is f(g) a prime number?
False
Let u = -286 + -2430. Let h be (1 + 6)*(12 - 221). Let y = h - u. Is y prime?
False
Suppose -2*f - 4*n + 44 = 0, f - 1 - 16 = -n. Is 18/f*2/6*158 a prime number?
True
Let x(c) be the second derivative of 117*c**3/2 - 14*c**2 - c - 3. Is x(5) a composite number?
True
Suppose 17*t = 4*w + 14*t - 894335, 4*w - 2*t = 894334. Is w composite?
True
Let k(x) = -61*x**2 + 1. Let p be k(3). Suppose 116*n = 87*n - 28913. Let t = p - n. Is t a composite number?
False
Let x = 323993 + -191730. Is x a composite number?
False
Suppose -10506*h + 10553*h = 19477411. Is h composite?
False
Let b = 3020 - 529. Suppose 13*k = 6388 + b. Is k a composite number?
False
Suppose -2*r = -y - 18706, y + 48*r = 49*r - 18705. Let t = y + 27633. Is t composite?
False
Let k be (-4)/(2 - -10)*-27. Suppose k*z + 13918 = 52447. Suppose 5*r = z + 644. Is r composite?
True
Let u(q) = -q**3 - 43*q**2 + 3*q + 144. Let d be u(-43). Is (-1213512)/(-84) - d/(-35) composite?
False
Let y = 2863 + -4429. Let j = y + 3107. Is j a prime number?
False
Let i(c) = -12*c**2 + 40*c - 22. Let y be i(23). Let w = y - -11415. Is w prime?
False
Is (9 - 3/(-3)) + 392383 a prime number?
False
Let u(c) = 34*c + 9. Suppose -5 = -5*q, -t - 6 = 4*t + 4*q. Let i be (t/6)/((-1)/15). Is u(i) a prime number?
True
Let o(c) = 434*c**2 + 79*c - 1355. Is o(22) a prime number?
False
Let c = 430 - 825. Let v = c - -1138. Is v composite?
False
Suppose -171 = 15*l - 6*l. Let n = -15 - l. Suppose 0 = 5*i - 3*m - 3446, -n*i + m + 688 = -3*i. Is i a composite number?
False
Suppose 67*v = 69*v - 3*d - 367988, v + 3*d - 184021 = 0. Is v prime?
True
Suppose 0 = -6*x + 4*x. Suppose x = 37*b + 25974 - 75887. Is b composite?
True
Let q(c) = 326*c**2 + 182*c - 4737. Is q(23) a composite number?
True
Suppose 13*a + 735 = -8*a. Is (-28)/a - 16821/(-5) a prime number?
False
Suppose 0 = v + 4*h - 6, 12*h - 1 = 11*h. Suppose v*o = r - 5877, 5871 = -0*r + r + o. Is r prime?
False
Is (4/8)/((-106)/(-38776072)) prime?
False
Let l = -32 + -8. Let q = l - -42. Is q/(-5) - 2552/(-55) a prime number?
False
Suppose -4*s - 3 = -3*b, 0 = -3*s - 4*b + 19 + 10. Suppose 53*c = 52*c - s*n + 541, -3*c + 1623 = n. Is c prime?
True
Suppose 37*p + 8*p - 743355 = 0. Is p a prime number?
True
Suppose -16 = -11*w + 7*w. Suppose -3*t + q + 34 = 0, 6*t - w*t = -3*q + 8. Suppose 0 = t*m - 55 - 815. Is m a prime number?
False
Suppose 0 = -2*y + 5*t - 2, 8 + 12 = 4*y + 2*t. Suppose -4 = -2*o - 2, 5*v + y*o = 7219. Let c = v + 1490. Is c a composite number?
True
Suppose 4*o + 3*o - 28 = 0. Suppose 241 = -5*r + 6*r + 4*d, o*r = 3*d + 869. Is r a prime number?
False
Suppose 0 = 4*d - 2*w - 136058, w - 1 = -0. Is -1*d/5*-1 prime?
True
Is (-4770871)/(-105) + 8/180*3 prime?
False
Suppose 0 = -5*r + 573957 + 4100008. Is r prime?
True
Suppose -119 = 3*j - 116. Is j + 4533 + (0 - (5 - 6)) a prime number?
False
Let v = -7168 + 11201. Suppose -123510 - v = -13*y. Is y prime?
True
Let j(z) = 2965*z**2 - 2*z - 1868. Is j(35) prime?
False
Let p = -1415 + -539. Suppose 2*g = 6*g - 18748. Let i = g + p. Is i composite?
True
Suppose -2*s = i - 6*i + 91, -5*s - 49 = -2*i. Suppose i*k = -7*k + 95496. Is k a composite number?
True
Let k = -4253 - -7455. Let s = k + 5574. Suppose 9*h - h = s. Is h prime?
True
Let o = -476 + 482. Suppose o*a - 7*a = -2*q - 5889, 2*q - 5905 = -a. Is a